 -k**3 + 5*k**2 + 3*k + 2. Let c be p(6). Let i be (-36)/c*24/(-9). Let f = 14 - i. Calculate the greatest common divisor of 5 and f.
5
Suppose -91*i = -82*i - 5985. Calculate the greatest common divisor of 70 and i.
35
Let o be (3*(1 - 40))/(0 + -1). Calculate the highest common factor of 78 and o.
39
Suppose -4*b + 0*j + 4*j - 12 = 0, 0 = 4*b + j - 8. Calculate the highest common divisor of b and 5.
1
Suppose -r = 2*o - 58, 0*r = 3*o + r - 88. Let f = -286 - -556. Calculate the highest common divisor of o and f.
30
Let h = 207 + -115. Let j = 84 + -49. Suppose -3*r - 3*d + j = -40, 4*d - 31 = -r. Calculate the greatest common divisor of r and h.
23
Let u be 9/((-22)/(-4) + -4). Suppose -5*f + u*y = 2*y - 592, -2*f + 250 = 5*y. Calculate the greatest common factor of 30 and f.
30
Let s(m) = -m**2 - 6*m - 2. Let x be s(-4). Suppose -5*g + 340 = 5*l, -52*g + 54*g - 142 = -5*l. What is the highest common factor of x and g?
6
Suppose 3*t = -0*t - 12, -4*j - 4*t - 4 = 0. Suppose j*i + i = 64. What is the highest common factor of i and 112?
16
Let f(l) be the first derivative of l**3/3 + l**2 - 26*l + 26. Let x be f(-9). What is the highest common factor of x and 148?
37
Suppose 164*k - 165*k + 57 = 0. What is the highest common divisor of 3 and k?
3
Let w be 1/5 + (-537)/(-15). Suppose 10*t - 144 = 6*t. What is the greatest common divisor of w and t?
36
Let l(p) = -3*p**3 + 29*p**2 + 6*p + 12. Let a be l(9). What is the greatest common divisor of a and 836?
76
Suppose -4*b + 479 = -0*w + w, 3*b = -2*w + 358. Let x be (-10)/3 - -3 - 296/(-24). Calculate the greatest common divisor of x and b.
12
Let m(l) = 17*l - 12. Let t be m(-8). Let p be (-8 - t)/((-1)/(-1 - 0)). What is the greatest common factor of 20 and p?
20
Let c be 0 + 1/(-2) + (-8442)/(-252). What is the greatest common divisor of 77 and c?
11
Let u = 118 - -20. Calculate the highest common divisor of u and 92.
46
Let o(a) = a**3 + 6*a**2 + a + 10. Let d be o(-6). Suppose d*x - 5*m - 37 = -0*m, -5*x = -m - 41. Calculate the highest common divisor of 12 and x.
4
Suppose 2 = b, -80 = -3*c - 4*b - 0*b. Let z = c - -10. Calculate the greatest common divisor of z and 68.
34
Let u(b) = -2*b**3 + b**2 + b - 2. Let i(l) = 2*l + 14. Let y be i(-8). Let q be u(y). Calculate the highest common factor of q and 24.
8
Suppose 53 = 2*h - 10*g + 5*g, -2*h - 4*g = -98. Calculate the greatest common factor of h and 117.
39
Let c(t) = -t + 6. Let b be c(-2). Suppose -11*h + b = 2*u - 7*h, h = 5*u - 64. Calculate the highest common factor of u and 108.
12
Let v = -14 - -44. Let q = v + -28. Suppose 4*b - 2*h - 2 = 6, -q*b + 28 = 5*h. Calculate the highest common divisor of b and 8.
4
Let x be 374/(-4)*22/(-11). What is the greatest common factor of 136 and x?
17
Let i = -70 - -97. Suppose -5*f + 47 - i = 0. What is the highest common divisor of f and 32?
4
Let p(d) = 11*d - 4. Let i be p(3). Let z(h) = 21*h**2 + 19*h + 41. Let o be z(-2). What is the highest common factor of i and o?
29
Suppose 4*a + 18 - 6 = 0. Let v be 0 + (a - 0) + 11. Suppose 0 = -7*x + v - 1. Calculate the highest common factor of 10 and x.
1
Suppose -503 = -4*j + 457. Suppose -7*m + 2*m + 725 = 0. Suppose -5*g - 5*p + m = 0, 0 = -3*g + p + 28 + 39. What is the highest common divisor of g and j?
24
Let h(a) = 3*a - 7. Let p be h(4). Suppose p*q - q = 840. Calculate the greatest common divisor of q and 42.
42
Let z be 4 - (1807/(-52) - 2/8). What is the greatest common factor of 26 and z?
13
Let a be (-26 + 2)/((-30)/340). Let k be (-1 - 3) + a/17. What is the highest common divisor of k and 12?
12
Suppose 0 = 2*f + 29 - 69. Suppose 0*m = -2*n + m + 43, 0 = -n - 2*m + 14. Calculate the highest common factor of n and f.
20
Suppose 3*n - 5*n = -56. Let r = 50 - n. Let s be r/(-55) + (-134)/(-10). What is the greatest common divisor of s and 65?
13
Let u = 141 - 93. Let m = 3 + 8. Let q = 27 - m. What is the highest common factor of q and u?
16
Let h = -2630 - -2642. Let z(s) = 2*s. Let c(b) = b - 1. Let v(l) = -3*c(l) + 2*z(l). Let u be v(3). What is the highest common factor of u and h?
6
Let d(f) = -f**3 - 11*f**2 - 28*f - 35. Let p be d(-10). Calculate the highest common divisor of p and 20.
5
Let w = -669 + 690. Suppose 2*k - b - 13 = 0, -3*k - b = 4*b. Let g be 72/k - 16/40. What is the highest common divisor of g and w?
7
Suppose 0 = 3*a + s - 522 + 178, 4*a + 4*s = 456. Calculate the greatest common divisor of 20 and a.
5
Let z = 174 + -167. What is the greatest common divisor of z and 147?
7
Let l be (-3)/(-12) + (-78)/(-8). Suppose -8*v + 3*v = 35. Let t be -4 - (v - 3 - -4). What is the highest common divisor of t and l?
2
Suppose -2*b = b - 6, -5*v - 10 = -5*b. Let q be (3 - 3) + -5*(-3 + v). Calculate the highest common divisor of 10 and q.
5
Let x(g) = -g**3 + 2*g**2 - 2*g - 1. Let r be x(-3). Calculate the highest common divisor of r and 925.
25
Suppose 1 = -5*p + 71. Let f = -23 + p. Let x be 8/(-6) - 120/f. Calculate the greatest common divisor of x and 84.
12
Let v = 1 - -7. Suppose 6*z + 26 - 62 = 0. What is the greatest common factor of z and v?
2
Suppose -5*y + 24 = -16. Suppose 5*z + 154 = -u + 3*u, 0 = -4*z - y. Calculate the highest common divisor of 108 and u.
36
Let a be (-2)/3 - 480/(-45). Let v be (-6)/15*-4*a. Let f be 278/8 - (-4)/v. What is the greatest common divisor of 5 and f?
5
Let f(q) = q**2 + 4*q - 8. Let s be f(-6). Let u be 210/9 - s/(-6). What is the greatest common divisor of u and 16?
8
Let v = 170 + -94. What is the highest common divisor of 247 and v?
19
Let m = 1426 + -1400. What is the highest common factor of m and 741?
13
Let t(d) be the first derivative of -d**4/4 - d**3/3 - 3*d**2/2 - 2*d + 2. Let v = -106 + 104. Let a be t(v). Calculate the highest common factor of 4 and a.
4
Suppose 18*a - 14*a = 16. Suppose 4*b + 32 = a*d, 9 = d - 2*b + 3. Calculate the greatest common divisor of 30 and d.
10
Let q(f) = -f**3 + 2*f**2 + 3*f - 4. Suppose 8 = o - 3*o. Let z be q(o). Calculate the greatest common divisor of z and 10.
10
Let q(v) = -v**3 - 7*v**2 + 24*v - 30. Let f be q(-10). Calculate the highest common factor of 384 and f.
6
Let k(j) = 45*j - 14. Let b be k(2). What is the highest common factor of 4 and b?
4
Suppose 2*u - 4 = 4*g + 18, 0 = -5*u + 5*g + 40. Suppose 0 = u*a + b - 14 - 425, -a = -4*b - 92. What is the greatest common factor of a and 8?
8
Suppose 3*k - 115 + 22 = 0. Let t(r) = r**3 + 64*r**2 + 57*r - 68. Let v be t(-63). Calculate the highest common divisor of v and k.
31
Let d be (-4)/(-8)*((-8)/(-4) + 0). Let t = -7 - -4. Let q = d - t. What is the highest common factor of q and 2?
2
Suppose 2*v - 12 = 12. Let r(i) = -i + 7. Let u be r(4). What is the greatest common divisor of v and u?
3
Suppose -3*y - y = 3*z + 26, 0 = 4*y - 16. Let d be 82/3 + z/(-21). Suppose -13*t + 179 = -185. What is the highest common factor of t and d?
28
Let f = 185 + -45. Calculate the greatest common divisor of 105 and f.
35
Suppose -6*r = -0 + 36. Let v be (-208)/(-3)*(-4)/16*r. What is the highest common divisor of v and 26?
26
Let s be (78/65)/((-4)/(-10)). Suppose -8*n + 10 = -s*n. Let v be (25/n)/(4/8). What is the greatest common divisor of v and 5?
5
Suppose 4*p - 30 = -2*p. Suppose -145 = -3*k - 4*t + 18, 67 = k - p*t. Calculate the greatest common factor of 19 and k.
19
Let g(x) = -x**2 - 29*x - 113. Let v be g(-10). What is the greatest common divisor of v and 88?
11
Suppose 0 = v - 3*u + 2, 0 = 5*v + 3*u - 0*u - 62. Let q = 309 - 212. Let r = -67 + q. Calculate the greatest common divisor of r and v.
10
Let k = 905 - 888. What is the greatest common divisor of 17 and k?
17
Suppose 0 = 2*r - 5*r + 36. Let i(a) = -27*a - 570. Let p be i(-22). What is the greatest common factor of p and r?
12
Let n(p) be the first derivative of -7*p**2/2 - p + 2. Let u be n(-4). Calculate the highest common factor of u and 3.
3
Suppose 3*s = 6*s - 24. Let i(d) = -d**3 - 5*d**2 - 5*d - 1. Let l be i(-4). Let z be (-714)/(-18) - (-1)/l. What is the greatest common factor of z and s?
8
Suppose 142 = 6*t - 50. Suppose 5*x - 323 = 3*r, -4*r - 35 = -x + 33. What is the greatest common factor of t and x?
32
Let i = 1796 - 1782. What is the highest common factor of i and 910?
14
Let o(p) = -p**2 + 7*p + 5.